-h - 1 - 3, f + h - 2 = 0. Let u = f + 6. Suppose 3*r = -7 - u. Let d(w) = -w**3 - 6*w**2 - 3*w + 1. Give d(r).
-9
Let h(z) = 8*z**3 + 3*z**2 + z - 3. Let c(j) = -17*j**3 - 7*j**2 - 2*j + 7. Let a(p) = -2*c(p) - 5*h(p). Determine a(1).
-7
Let c(x) = x**2 + 5*x. Suppose 25 + 20 = 5*k. Let z be (-2)/k + (-52)/9. Let v = z + 1. Calculate c(v).
0
Let x(a) = 7*a + 14. Let n(g) = 3*g + 7. Let w(i) = -5*n(i) + 2*x(i). Give w(-9).
2
Let z(n) = 2*n + 0*n - n + 2. Suppose -5*q + 23 + 2 = 0. Suppose -q*a + 5*o - 5 = -0*a, -a - 16 = 4*o. Determine z(a).
-2
Let g(v) = -4*v + 2*v + 2*v + 2*v. Determine g(3).
6
Let n(h) = -h + 6. Let b(y) = y**3 - 6*y**2 + 2. Let w be b(6). Suppose -3*i + 4*k = -32, w*i + 8 = -i - 4*k. Suppose -1 - 19 = -i*f. Give n(f).
1
Let j(u) = 5 + 1672*u - 2 - 1671*u. Give j(-2).
1
Let b(c) be the first derivative of -2*c**2 - 3*c + 51. Give b(-2).
5
Let s(b) = 5*b + 4. Suppose -6*m - 11 = 7. What is s(m)?
-11
Let l be -5*(1 - 0)/1. Let y(f) be the second derivative of f**3/6 - 2*f**2 - 22*f. Calculate y(l).
-9
Suppose -4*n + 15 = -1. Let t(g) be the third derivative of -5/24*g**4 + 0 + 1/6*g**3 - 2*g**2 + 0*g + 1/60*g**5. Give t(n).
-3
Let x(m) = -m**2 - 10*m - 9. Let d(j) = -j - 13. Let g be d(-6). Give x(g).
12
Suppose 0*y - 5*y = -70. Let p(a) = a - 4 - 7 + y. What is p(5)?
8
Let v(s) = -s**3 + 2 - 4*s**2 - 6*s + 7*s**2 - 2*s + 4*s**2. Determine v(6).
-10
Let l(u) = u + 2*u - 2*u. Calculate l(0).
0
Let t(s) = -5 + 0*s**2 + 0*s**3 - s**3 + 4*s**2 + 6*s. Let o be t(5). Suppose o = -2*w - 2. Let h(c) = 6*c - 1. Give h(w).
-7
Let c(x) be the first derivative of -7 - x**3 - 1/4*x**4 - 2*x + 3/2*x**2. Calculate c(-4).
2
Let r be ((-8)/(-10))/(4/(-130)). Let l be 4/(-8) - r/(-4). Let i(k) = -k**2 - 8*k - 3. Let h be i(l). Let q(m) = -m**3 + 4*m**2 + m - 5. Determine q(h).
-1
Let m(v) = -v**3 + 6*v**2 + 2*v - 8. Let o be -12*(26/(-28) + (-9)/(-21)). Determine m(o).
4
Let f(g) = 3*g - 3*g**3 + 9 - 3 + 3*g**2 + 8. Let x(q) = q**3 - q**2 - q - 7. Let j(h) = h + 6. Let a be j(-4). Let u(r) = a*f(r) + 5*x(r). Determine u(0).
-7
Let q(m) = -m**3 + 4*m**2 + 6*m - 2. Let h be q(5). Let p be h/5 - (-4)/10. Let j(r) = -r - 1. Give j(p).
-2
Let t(y) = y - 5. Let u(f) = -3*f - 12. Let c be u(-4). Determine t(c).
-5
Let q(t) = 3*t**3 + 2*t - 1. Let m be q(1). Let n(x) = -x**3 + 7*x**2 + 10*x - 11. Let s be n(8). Let a(h) = -h + s*h - h**2 + 6*h - 3 - 5*h. What is a(m)?
1
Let p(b) = -b**3 + 10*b**2 + 2. Let j = -6 + 16. Let r be p(j). Let i = -1 - r. Let y(w) = -w**3 - 5*w**2 - 5*w - 4. Give y(i).
-7
Let o = 7 + -6. Let z = 5 + o. Let c(k) = k. Give c(z).
6
Let a(g) = 4*g**2 - g**2 + 1 + 0*g**2 + 2*g - g. Let w be 4/18 + (-11)/9. Determine a(w).
3
Let p(g) = -g**3 + g**2 + 6*g. Let k(z) = z**3 - 7*z - 1. Let y(u) = 2*k(u) + 3*p(u). Suppose o = 2*d - d + 4, -5*d - 5 = 0. Determine y(o).
10
Suppose a - 2 = -0*a - 4*b, 3 = a + 3*b. Let y(t) = 5*t**3 + 17*t**2 + 10*t - 5. Let o(u) = 3*u**3 + 9*u**2 + 5*u - 2. Let r(f) = -7*o(f) + 4*y(f). Give r(a).
-12
Let o(s) = 1. Let t(y) = -y - 1. Let p(z) = -o(z) - t(z). Let b be -3*(-20)/6 + -1. Suppose -6 = -5*g + b, -4*n = g - 19. What is p(n)?
4
Suppose 5*i + 0*i + 25 = 0. Let j(w) = w + 7. Calculate j(i).
2
Let r(u) be the first derivative of -u**3/3 - u**2 - u + 11. Calculate r(-4).
-9
Let f(g) = -g**2 - 5*g + 5. Let o = -8 + 20. Suppose 3*c - c + o = 0. What is f(c)?
-1
Let g(c) = 3*c**2 + 19*c - 8. Let f(d) = -d**2 - 6*d + 3. Let b(z) = -7*f(z) - 2*g(z). Determine b(-4).
-5
Let a(z) = -15*z - 1. Let o(x) = x - 17*x - 5 + 4. Let j(s) = 5*a(s) - 4*o(s). Determine j(-1).
10
Let p = 182 + -181. Let a(y) = -y**2 - 1. Calculate a(p).
-2
Let u(g) = -g**3 - 4*g**2 - g + 35 - 2*g**2 - 30. What is u(-5)?
-15
Suppose 0 = 5*z - 6 - 4. Let w(c) = 4*c**2 - 4*c + 7. Let k(h) = -3*h**2 + 3*h - 6. Let m(g) = 6*k(g) + 5*w(g). Give m(z).
3
Let h(m) = -m**2 - 10*m - 10. Let c be h(-8). Suppose 2 = -2*u + c. Let r(q) = -3*q - 2. What is r(u)?
-8
Let w(f) = 2*f + 2. Let i be (16/20)/((-8)/20). What is w(i)?
-2
Let h be 5*-2*2/(-5). Let m = h - 9. Let a(i) be the first derivative of i**2 + 3*i + 2. What is a(m)?
-7
Let s(t) = -2*t + 3. Let d be 3/4 - (-6)/(-8). Suppose d*i + 6 = 2*i. Determine s(i).
-3
Let j = 1 + 1. Let z(w) be the third derivative of w**7/5040 - w**6/360 + 3*w**5/20 + 8*w**2. Let k(a) be the third derivative of z(a). Determine k(j).
0
Let x = -70 + 65. Let s(z) = z**2 + 4*z + 5. Give s(x).
10
Let x(r) be the second derivative of r**5/20 + 5*r**4/12 + 2*r**3/3 - r**2/2 + 11*r. Let k(u) = -u**2 - 9*u + 19. Let p be k(-11). Determine x(p).
5
Let i(k) = 12*k**2 + 4*k - 1. Suppose 8 = -4*g + 3*w, 0*g + 13 = -g - 2*w. Let s(n) = 11*n**2 + 3*n - 1. Let q(j) = g*s(j) + 4*i(j). Calculate q(-1).
-7
Let g(k) be the first derivative of -k**6/120 + k**5/20 + k**4/8 + 4*k**2 - 3. Let q(d) be the second derivative of g(d). Calculate q(3).
9
Let v(h) = 2. Let s(r) = r + 7. Let g(j) = -s(j) + 5*v(j). Let q = -4 - -7. Suppose 2*y = -q*y. Calculate g(y).
3
Let y(h) = 8*h**3 + 3*h**2 + 4*h + 6. Let j(t) = 9*t**3 + 4*t**2 + 5*t + 7. Let q(o) = 5*j(o) - 6*y(o). Let f(n) = n + 2. Let a be f(0). What is q(a)?
-15
Let h(v) = 7*v**2 + 7*v - 6. Let a(o) = 15*o**2 + 15*o - 13. Let s(d) = 6*a(d) - 13*h(d). Determine s(-4).
-12
Let n(d) = d**3 + 5*d**2 + 5*d. Let b be n(-4). Let i = -5 - -6. Let p(a) = 0 + 10 + a - i. Calculate p(b).
5
Let a(g) be the first derivative of -3*g**2/2 - 4*g - 7. Determine a(-4).
8
Let q(u) = -u**3 - 8*u**2 - 8*u - 6. Let i be q(-7). Let k(r) be the first derivative of 5*r**2 + r + 28. Calculate k(i).
11
Let i be 1 - (1/1 + -1). Let a(h) = 0*h - 2*h + h - i - h - h**2. Determine a(-3).
-4
Suppose 4*x - 7 - 9 = 0. Suppose -12 = 8*u - x*u. Let z(j) = -j**3 - 3*j**2 - 2*j - 1. What is z(u)?
5
Let k(x) = x**3 - 6*x**2 + 7*x - 6. Suppose -2*l - 3*h = 7, 0 = -0*l - 3*l - 3*h - 3. Give k(l).
-10
Suppose -3 - 9 = -4*m. Suppose 0 = m*t - 0*t - 3*s, t + 4*s = 0. Let a be t + 2 + 1 + -1. Let f(p) = p**3 - 4*p**2 + 2*p + 1. Determine f(a).
-3
Let r(t) = t**2 - t + 1. Let k(a) = -a**3 - 11*a**2 + 12*a - 13. Let v(z) = k(z) + 6*r(z). Calculate v(-6).
-7
Let o(a) = a + 6 + 4*a + 2*a. Let d(t) = t**2 + t + 4. Let z be d(0). Let x(p) = -6*p - 6. Let s(n) = z*x(n) + 3*o(n). What is s(-5)?
9
Suppose 3*r - 2 = -20. Let o(m) = m + 5. Determine o(r).
-1
Suppose -3*x + 4 - 10 = 0. Suppose p - 4*g = -12, -g + 4 = -0. Let r(i) = 1 - i + 0*i - p*i - 3. Determine r(x).
8
Let f(r) = -r**3 + 10*r**2 - 3*r + 25. Let g be f(10). Let a(q) = q**2 + 3*q - 7. Calculate a(g).
3
Let r(m) = -m + 9. Suppose 3*t + 3*b = -2*b + 19, 20 = 3*t + 4*b. Let f be r(t). Let w(v) = 5*v**2 + v. Give w(f).
6
Let k be 0 + 0 + (1 - 1). Suppose 4*y + 5*d + 9 = k, 2*y = 5*d + 23 + 10. Let i(h) = -3*h + h**2 + 3 - 2*h + 2*h. What is i(y)?
7
Let c(t) be the third derivative of 1/60*t**6 + 0*t**3 + 0 + 0*t - 1/24*t**4 + 2*t**2 + 1/30*t**5. Suppose -5*i = 5, h + 4*h + 2*i = -12. Give c(h).
-6
Suppose -5*f - 2 = -17. Let h(c) = -c**2 + 3*c + 3. Give h(f).
3
Let a(f) = 7*f. Let g(w) = 14*w + 1. Let o(l) = 9*a(l) - 4*g(l). Calculate o(4).
24
Let x be 1 - 1/((-2)/2). Let s(q) = 2*q. Give s(x).
4
Let j(x) = -x**3 + 6*x**2 + 2. Let i(r) = 4*r**3 - 24*r**2 - 9. Let t(z) = 2*i(z) + 9*j(z). Let n = -21 + 27. Give t(n).
0
Let i(x) be the first derivative of 1/2*x**2 + 1 - 3*x. Let l = -18 - -23. Give i(l).
2
Let m(h) = -2*h**3 + 10*h**2 + 10*h - 1. Let g(y) = -y**3 + y**2 + y - 1. Let c(w) = 3*g(w) - m(w). What is c(-6)?
4
Suppose -h = 4*h + 40. Let g be 26/h - 1/(-4). Let j(k) = 2*k - 1. Calculate j(g).
-7
Let p(r) = -1 - 3 - 13*r + 6 + 15*r. Determine p(-5).
-8
Suppose -5*b - 10 = -7*b. Let d(v) = -v**2 + 5*v + 6. Give d(b).
6
Let q(u) = -u + 8. Let j = 8 - 1. Let c be q(j). Let z = -1 + c. Let n(y) = -y**2 - y. What is n(z)?
0
Let r(j) = -j**3 + 9*j**2 - j + 9. Let b be r(9). Let v(y) = y**2 + y + 12. What is v(b)?
12
Let l(d) = -d**2 + 6*d. Let q = -4 + 2. Let t = q - -8. Determine l(t).
0
Let v be (-4)/(-12) + 34/6. Suppose -v = -p - p. Let s(c) = -6*c**2 - 3*c + 3. Let z(b) = 7*b**2 + 4*b - 3. Let j(k) = -6*s(k) - 5*z(k). Determine j(p).
0
Let o be (-1)/(6/(-4) + 1). Suppose -o*f + 3*f - 3 = 0. Let h(x) be the first derivative of x**4/4 - 5*x**3/3 + 5*x**2/2 - 2*x - 3. Dete